2, 3
Let o = 19 - 14. Suppose 4*u - 131 = 2*r + 103, -5*u + 315 = o*r. List the prime factors of u.
2, 3, 5
Let v(o) = 8*o + 35. Let t be v(14). Suppose 9*n = 16*n - t. What are the prime factors of n?
3, 7
Let b(f) = f**3 - 5*f**2 + 2. Suppose 0 = 8*q - 24 - 16. Let y be b(q). Suppose 0 = 4*k - 4*o - 0*o - 128, y*o = k - 29. List the prime factors of k.
5, 7
Suppose -3*u + 11141 = 4*d, 19*u - 23*u - 4*d + 14856 = 0. List the prime factors of u.
5, 743
Let x be (-29)/(-3 + (-44)/(-16)). Let p be (-8)/36 + (-632)/(-9). Let q = x - p. List the prime factors of q.
2, 23
Let t(n) = -n**3 + 28*n**2 - 14*n - 16. List the prime factors of t(27).
5, 67
Suppose 5*t + 5*h - 1740 = 0, -h = -0*t + 4*t - 1377. List the prime factors of t.
7
Let c = -1 - -4. Suppose k = 4 - c. Let l = 2 + k. List the prime factors of l.
3
Let p(x) = 3*x**3 + 3*x**2 - 10*x - 10. Let c(h) = 16*h**3 + 14*h**2 - 51*h - 51. Let q(a) = -2*c(a) + 11*p(a). What are the prime factors of q(-5)?
2
Let z(v) = -v**3 - 18*v**2 + v + 11. Let y be z(-18). Let w(k) = k**3 + 11*k**2 + 10*k - 6. What are the prime factors of w(y)?
2, 3, 5
Let x(m) be the third derivative of -7/12*m**4 - 5*m**2 + 0*m**3 + 0 + 0*m. What are the prime factors of x(-1)?
2, 7
Let m(n) = -3*n - 6. Suppose 0*r + r + 2 = -v, 3*r - 4*v + 13 = 0. Let p be m(r). What are the prime factors of -3 + p + (3 - -50)?
53
Suppose -18 = 13*j + 21. Let p(v) be the second derivative of -2*v**3/3 + 3*v**2 + 4*v. List the prime factors of p(j).
2, 3
Let a(u) = -2*u + 23. Let p be a(10). Suppose p*k + k = -8. List the prime factors of 1/(4/(-160)*k).
2, 5
Suppose -2*s = 2*u - 688, 5*s + 6*u = 7*u + 1726. What are the prime factors of s?
3, 5, 23
Suppose 0 = -12*v + 14*v - 628. What are the prime factors of v?
2, 157
Let v be (-1 + 0)/(10/240). Let m be -2 + 3 + (-1 - -4). List the prime factors of v/m*18/(-4).
3
Suppose -68 = -4*j + 8*r - 4*r, 12 = j + 4*r. Suppose 2*b - 4*c - j = -0*b, 5*b + 5*c = 25. List the prime factors of b.
2, 3
Suppose 3*t + 8 = 2. Let v(f) = -23*f + 2. List the prime factors of v(t).
2, 3
Let c be 1*14/6*99. Suppose -4*y - 3*p = -c, 0*p = -2*p + 10. What are the prime factors of y?
2, 3
Let b(u) = -u**3 - 8*u**2 - 8*u. Let k = -14 - -6. Let f be b(k). Let o = f + -39. List the prime factors of o.
5
Let v = -217 - -731. List the prime factors of v.
2, 257
Let l = -303 + 588. Suppose -195 = -10*w + l. List the prime factors of w.
2, 3
Let p = -16 - -18. Let x(o) = 32*o**p - 32*o**2 + 1 - 11*o**3 + 0*o + 2*o. List the prime factors of x(-1).
2, 5
Let c = -2 + 5. Suppose 5*n + c*o = 62, -2*n + 4*o = -4 - 0. Let s = n + -6. What are the prime factors of s?
2
Suppose -c = -32 - 1. Suppose -4*k + c = 17. Suppose 3*d + k*p - 19 = 0, 0*d - 4*p = -2*d + 6. What are the prime factors of d?
5
Suppose 12*l - 9*l = 48. Let k(u) = u**3 - 16*u**2 - u + 21. Let h be k(l). Suppose -h*z + 172 = -3. What are the prime factors of z?
5, 7
Let t be 2 + 1 + (64 - -4). Suppose -2*u + t = -51. What are the prime factors of u?
61
Let c be 5 + -1 + 153/9. What are the prime factors of 36/c*((-1785)/6)/(-5)?
2, 3, 17
Suppose j - 3 + 2 = -g, 0 = 2*j - 5*g - 23. Let p = 4 - j. Suppose 3*x + 15 - 81 = p. What are the prime factors of x?
2, 11
Let t(u) = -u - 16. Let r be t(-19). Let h be -95 + (r - (3 - 0)). Let v = 161 + h. List the prime factors of v.
2, 3, 11
Suppose -y - 4*y + 290 = 0. Let p = -94 - -57. Let m = y + p. What are the prime factors of m?
3, 7
Let j(q) = -q**3 + 25*q**2 + 27*q - 23. Let v be j(26). Suppose -v*p + 344 = -130. List the prime factors of p.
2, 79
Suppose -2*k - 3 = 5. Let j = 55 + k. What are the prime factors of (0 + (-1)/(-3))*j?
17
Let n(a) = -34*a + 13. What are the prime factors of n(-6)?
7, 31
Let q = 3 + 17. Suppose -4*s - 36 = -2*f, -8*s + q = -3*s. Suppose -2*b = -70 + f. List the prime factors of b.
2, 11
Let u be 4 - (4608/21 + 4/7). Let z = u - -353. What are the prime factors of z?
137
Let c = 7304 + -2386. What are the prime factors of c?
2, 2459
Let u be (12/(-10))/(18/(-60)). Suppose u*y + y = 210. List the prime factors of y.
2, 3, 7
Let g be 0 + (-4)/(-16) - 33/(-12). Let f = 29 - g. List the prime factors of f.
2, 13
Let v(g) = 114*g**2 - g + 18. List the prime factors of v(-6).
2, 3, 43
Let z(g) = 0*g + 5*g + g**2 - 10 + 3*g - 6*g. Let y be z(-7). Suppose -3*x + y + 44 = 0. What are the prime factors of x?
23
Suppose -3*a - 24 = -0*a. Let b = 0 - a. Let k = 12 + b. What are the prime factors of k?
2, 5
Suppose d - j + 12 = 40, -j + 3 = 0. Let l be (-9)/(-18)*(0 + 2). Suppose 0 = y - d - l. List the prime factors of y.
2
Suppose 0 = 16*n - 4*n - 144. What are the prime factors of 1*-72*(-6)/n?
2, 3
Let t = 5 + 0. Suppose 0*o + 705 = 5*o - 4*p, t*o - 5*p - 705 = 0. List the prime factors of o.
3, 47
Let p = 1 - -1. Suppose 5*u - 2*r + 2 = 24, -u - p = -2*r. Suppose 0 = 6*z - 18 - u. List the prime factors of z.
2
Suppose 2*s = 4*a - 18, a = 5*a + 3*s - 43. Suppose 4*v = 17 + a. List the prime factors of v.
2, 3
Suppose -5*t + 16 = 2*n - 0*n, -5*t + 28 = -4*n. Let q(x) = -60*x - 4. Let b be q(n). Suppose -5*h + b = -19. List the prime factors of h.
3
Suppose 3*n - 797 = 3*w - 77, 2*n - 500 = -3*w. Let v = 354 - n. What are the prime factors of v?
2, 5, 11
List the prime factors of (-159510)/20*8/(-12).
13, 409
Let r be ((-6)/9)/(-2 + 28/15). List the prime factors of (8/(-2)*r)/((-6)/21).
2, 5, 7
Suppose -14*k = 25*k - 35763. List the prime factors of k.
7, 131
Let y(m) = m**3 - 9*m**2 + 4*m - 25. Let l be y(10). Let i = 77 + l. List the prime factors of i.
2, 3
Suppose 0*v - 2*v - 118 = 0. Let k = 76 + v. List the prime factors of k.
17
Let s(t) = -6*t + 2. Let n(q) = -q. Let h(i) = -3*n(i) - s(i). Let v be -1*2/(-1)*1. List the prime factors of h(v).
2
Suppose 0 = 9*v - 4*v + 5. Let f = v + 0. What are the prime factors of f + 3 - (-40)/2?
2, 11
Suppose 36 = 25*p - 29*p. Let y(j) = j**3 + 10*j**2 - 15*j. What are the prime factors of y(p)?
2, 3
Let x be 13 - ((-9)/(-12) + (-2)/(-8)). Suppose x*j = 10*j + 92. List the prime factors of j.
2, 23
Let c(t) = -t**2 - 7*t - 1. Let z be c(-6). Let s be z + (-5)/((-5)/(-2)). Suppose 4*g + 94 = -s*m + 281, 5*g = -5*m + 235. List the prime factors of g.
2, 23
What are the prime factors of 4 - 14/3 - 63056/(-48)?
13, 101
Let j(v) = 15*v**2 - 5*v - 5. Let r = -35 + 38. List the prime factors of j(r).
5, 23
Let v(u) = -u**3 + 10*u**2 - 12*u. Let c be v(8). Suppose 10*d - c = 6*d. Let l = d + 6. List the prime factors of l.
2, 7
Suppose -1 = 5*a - 4*s - 0, -4*s + 28 = 4*a. Suppose 2 = k, 132 = 2*t - a*k - 104. Suppose -4*i - p + 168 = -0*i, 2*p - t = -3*i. List the prime factors of i.
43
Let w(z) = z**2 + 2*z. Let q be w(-2). Suppose -5*y + y = q. Let s = 4 - y. What are the prime factors of s?
2
Let b(i) = -i**3 - 4*i**2 - i + 1. Let h be b(-4). Suppose q + 152 = h*q. List the prime factors of q.
2, 19
Suppose -5*r = -10, -641 + 185 = -b + 2*r. List the prime factors of b.
2, 5, 23
List the prime factors of (-8122)/(-8) + (-8)/(-96)*-3.
5, 7, 29
Suppose 495 = -7*f + 4*f + 5*i, 3*f - 3*i = -495. Let g = f + 392. What are the prime factors of g?
227
Suppose -136 = 4*z - 4*a, -5*z - 55 = a + 97. Let y = z - -34. Suppose -d + 312 = y*d. List the prime factors of d.
2, 3, 13
Let z be 16 + -36 + (-4)/(-1). Let w = z + 16. Suppose -3*c - 225 = -4*g, -5*c - 1 + 6 = w. List the prime factors of g.
3, 19
Let v(l) = l**3 - l**2 + 4*l - 3. Let n be v(2). List the prime factors of 21*(15/n)/1.
5, 7
Suppose -4*o = 4*z - 24, 2*o + 2*z = 5*z - 3. Suppose -o*p - 695 = -5*x + 2*p, -4*x = -2*p - 558. List the prime factors of x.
2, 5, 7
Suppose 3*c - 15 = -0*c - 3*n, -n = -3. List the prime factors of (2 - (c + -1)) + (10 - -106).
3, 13
Let p(l) = l**3 + 4*l**2 + 3. Let o be p(-4). Suppose 5*g = i + 376 - 101, o*g = -3*i + 183. Let q = g - 20. List the prime factors of q.
2, 3
Let b be 278 - (-4)/(2 + 0). Let y be b/45 - (-4)/(-18). What are the prime factors of 4/y - 120/(-9)?
2, 7
Let l(p) be the third derivative of p**5/60 - p**4/8 + 77*p**3/6 + p**2. What are the prime factors of l(0)?
7, 11
Let x(b) = -15*b + 77. What are the prime factors of x(-30)?
17, 31
Suppose -2990 = -18*h - 5*h. What are the prime factors of h?
2, 5, 13
Suppose -2*k - 4 = -0*k - 2*q, -k + 2